highest common factor of 100 and 140?
20
What is the highest common factor of 15002 and 26?
26
Calculate the greatest common divisor of 230 and 14582.
46
Calculate the greatest common divisor of 12 and 268.
4
What is the greatest common divisor of 17946 and 18?
18
Calculate the greatest common factor of 140 and 37940.
140
What is the highest common factor of 13 and 7?
1
What is the greatest common divisor of 882 and 18?
18
What is the highest common divisor of 968 and 2068?
44
Calculate the greatest common factor of 252 and 28.
28
Calculate the highest common factor of 1749 and 2544.
159
What is the highest common factor of 15436 and 136?
68
Calculate the highest common divisor of 3 and 1101.
3
What is the greatest common divisor of 26 and 7319?
13
What is the greatest common divisor of 12 and 192?
12
Calculate the highest common divisor of 340 and 940.
20
Calculate the greatest common divisor of 1846 and 284.
142
Calculate the greatest common divisor of 2010 and 67.
67
Calculate the highest common factor of 65 and 5.
5
Calculate the highest common factor of 1793 and 55.
11
What is the highest common factor of 84 and 708?
12
What is the greatest common factor of 1007 and 53?
53
Calculate the greatest common divisor of 72 and 59184.
72
What is the greatest common divisor of 15 and 375?
15
What is the greatest common divisor of 64 and 38?
2
Calculate the greatest common divisor of 625 and 25.
25
What is the greatest common divisor of 851 and 37?
37
What is the greatest common factor of 966 and 3312?
138
What is the greatest common divisor of 6174 and 1715?
343
What is the highest common factor of 112 and 14?
14
Calculate the highest common divisor of 64 and 56.
8
Calculate the greatest common factor of 693 and 308.
77
What is the highest common factor of 13 and 127309?
13
Calculate the highest common divisor of 30 and 890.
10
Calculate the greatest common factor of 1991 and 11.
11
What is the greatest common divisor of 27 and 45?
9
Calculate the highest common factor of 64 and 128.
64
What is the greatest common factor of 15264 and 9?
9
Calculate the highest common factor of 93 and 3.
3
What is the highest common divisor of 3164 and 196?
28
What is the greatest common divisor of 113 and 1017?
113
Calculate the highest common factor of 104 and 8.
8
What is the highest common factor of 7 and 203?
7
What is the greatest common divisor of 316 and 20?
4
What is the highest common factor of 1196 and 184?
92
Calculate the greatest common factor of 34 and 2057.
17
What is the highest common factor of 330 and 120?
30
What is the greatest common divisor of 70 and 23590?
70
Calculate the highest common factor of 299 and 69.
23
Calculate the highest common factor of 1953 and 1197.
63
Calculate the highest common divisor of 1014 and 429.
39
What is the greatest common divisor of 988 and 78?
26
What is the greatest common divisor of 90 and 2850?
30
Calculate the highest common factor of 248 and 93.
31
Calculate the greatest common factor of 59 and 177.
59
What is the greatest common factor of 270 and 5886?
54
Calculate the highest common factor of 65 and 115.
5
Calculate the greatest common divisor of 9114 and 279.
93
What is the greatest common factor of 280 and 2345?
35
What is the greatest common factor of 18615 and 255?
255
What is the greatest common divisor of 30 and 29490?
30
What is the highest common divisor of 4 and 116?
4
What is the highest common factor of 90 and 390?
30
What is the greatest common factor of 14744 and 152?
152
Calculate the highest common factor of 35 and 1169.
7
Calculate the highest common factor of 4788 and 630.
126
Calculate the greatest common divisor of 1821 and 9.
3
Calculate the highest common divisor of 118 and 3.
1
Calculate the highest common factor of 1730 and 50.
10
What is the highest common factor of 80 and 170?
10
What is the greatest common divisor of 66 and 30?
6
What is the greatest common divisor of 68 and 2278?
34
What is the highest common factor of 7 and 14?
7
What is the greatest common divisor of 145 and 609?
29
Calculate the highest common factor of 28 and 1183.
7
What is the greatest common divisor of 5093 and 11?
11
Calculate the greatest common divisor of 145 and 10295.
145
What is the highest common factor of 27 and 3771?
9
Calculate the highest common divisor of 4048 and 352.
176
What is the greatest common factor of 59 and 29028?
59
What is the greatest common factor of 32 and 2048?
32
Calculate the highest common factor of 10 and 7440.
10
Calculate the highest common divisor of 1066 and 1148.
82
Calculate the greatest common factor of 237 and 1.
1
Calculate the greatest common factor of 2538 and 216.
54
Calculate the greatest common divisor of 103896 and 108.
108
Calculate the greatest common divisor of 126 and 238.
14
What is the highest common factor of 782 and 34?
34
Calculate the greatest common divisor of 33 and 66.
33
What is the greatest common divisor of 3 and 1671?
3
What is the highest common divisor of 1548 and 860?
172
Calculate the highest common factor of 113 and 1808.
113
Calculate the highest common divisor of 85 and 20.
5
What is the highest common divisor of 75 and 597?
3
Calculate the greatest common divisor of 715 and 660.
55
What is the greatest common factor of 75 and 150?
75
What is the highest common factor of 290 and 4?
2
What is the greatest common factor of 60 and 780?
60
Calculate the greatest common factor of 5328 and 1584.
144
What is the greatest common factor of 54 and 189?
27
Calculate the greatest common divisor of 882 and 147.
147
What is the greatest common factor of 140 and 105?
35
What is the greatest common divisor of 1036 and 84?
28
What is the highest common factor of 9 and 39?
3
Calculate the greatest common factor of 585 and 39.
39
What is the greatest common divisor of 288 and 480?
96
Calculate the greatest common factor of 973 and 147.
7
Calculate the highest common divisor of 75 and 1230.
15
Calculate the highest common factor of 3269 and 7.
7
Calculate the highest common factor of 40 and 1040.
40
Calculate the highest common factor of 3977 and 41.
41
Calculate the highest common divisor of 138 and 230.
46
What is the greatest common factor of 9 and 2?
1
Calculate the greatest common factor of 280 and 1720.
40
What is the highest common factor of 105 and 1080?
15
What is the greatest common divisor of 902 and 3280?
82
What is the highest common divisor of 1032 and 5934?
258
What is the highest common factor of 132 and 4092?
132
Calculate the highest common divisor of 9536 and 64.
64
Calculate the highest common divisor of 1078 and 693.
77
What is the highest common factor of 549 and 153?
9
What is the greatest common divisor of 942 and 78?
6
What is the highest common factor of 1177 and 22?
11
What is the greatest common divisor of 2 and 1789?
1
What is the highest common divisor of 259 and 1073?
37
Calculate the greatest common factor of 1701 and 2592.
81
Calculate the highest common divisor of 98 and 441.
49
What is the greatest common factor of 11 and 17380?
11
What is the greatest common divisor of 17 and 24361?
17
Calculate the highest common divisor of 115 and 2775.
5
Calculate the highest common divisor of 39140 and 19.
19
Calculate the greatest common divisor of 1540 and 175.
35
What is the highest common factor of 24 and 60?
12
Calculate the highest common divisor of 306 and 442.
34
Calculate the highest common factor of 303 and 21008.
101
Calculate the highest common divisor of 10856 and 2024.
184
What is the highest common divisor of 1 and 11018?
1
Calculate the greatest common divisor of 12393 and 68.
17
Calculate the greatest common factor of 70 and 90.
10
Calculate the greatest common factor of 57 and 16264.
19
Calculate the greatest common factor of 182 and 1326.
26
Calculate the greatest common divisor of 5 and 7.
1
Calculate the highest common factor of 48 and 60.
12
Calculate the greatest common divisor of 410 and 20.
10
What is the greatest common divisor of 225 and 900?
225
Calculate the highest common divisor of 4829 and 33.
11
Calculate the greatest common factor of 40 and 376.
8
What is the highest common factor of 1420 and 80?
20
Calculate the highest common divisor of 23 and 1035.
23
What is the highest common factor of 32